be the second derivative of -x**5/40 + 3*x**3/2 + x. Let l(d) be the second derivative of s(d). Calculate l(-2).
6
Let h(m) = -m**2 + 2. Let r be (-3)/6 - 25/2. Let u(t) = 2*t + 23. Let g be u(r). Determine h(g).
-7
Let w be (0*(-3)/(-24))/(-3). Let v(o) = 2*o**2 - o - 11. What is v(w)?
-11
Let f(y) be the third derivative of 1/120*y**6 - 14*y**2 - 1/20*y**5 + 0 - 1/8*y**4 + 0*y - 1/3*y**3. Determine f(-2).
-16
Let z(n) be the second derivative of n**7/105 + n**6/360 - n**5/120 - 4*n**3 + 35*n. Let i(q) be the second derivative of z(q). Give i(1).
8
Let k(j) = -5*j - 13. Let i(y) = -7*y - 14. Let r(t) = -2*i(t) + 3*k(t). What is r(-8)?
-3
Let b(f) = -f**3 + 10*f**2 - 4*f - 8. Let n be b(9). Suppose 0 = 3*g - 147 + 51. Let m = n - g. Let x(v) = v**2 - 4*v - 5. Give x(m).
0
Let a(q) = -124*q**2 - 130*q**2 - q + 262*q**2 + 6 - 7*q + q**3. Give a(-9).
-3
Suppose 0 = -3*l + 1 - 7. Let f(b) = -5*b**3 + b**2 - 3*b - 16. Let u(s) = 8*s**3 - 2*s**2 + 4*s + 26. Let i(y) = 5*f(y) + 3*u(y). Calculate i(l).
8
Let a(o) = -3*o. Let k be 1/2*-6 - (-436)/4. Let f = k - 110. What is a(f)?
12
Let d(c) be the third derivative of c**4/24 - c**3/2 + 80*c**2. Determine d(-5).
-8
Let s(r) be the second derivative of 5/2*r**2 + 2/3*r**3 - 7/24*r**4 + 1/60*r**5 + 0 - 2*r. Let p(g) be the first derivative of s(g). What is p(6)?
-2
Suppose -8 = v - 3. Suppose -11 - 16 = -9*w. Let i(a) = a + 40 - w*a + 35 - 78. What is i(v)?
7
Let f(d) = d**3 - 4*d**2 + d + 1. Let a(j) = j**3 - 5*j**2 - 7*j + 9. Let u be a(6). Suppose 2*i - 5*z + 17 = 0, -u*z = -5*i - 2*z + 15. Determine f(i).
5
Let u = 5 + -1. Let w be u*4/(16/(-3)). Let n(v) = -v**2 - 2*v + 1. Determine n(w).
-2
Let z = 4 + -10. Let u(h) be the third derivative of h**7/5040 - h**6/120 - h**5/12 + 6*h**2. Let s(n) be the third derivative of u(n). Determine s(z).
-12
Suppose 2*d - 4*m = -2*d + 4, -5*d - 4*m = -14. Let h(j) be the first derivative of d*j**2 - 1/3*j**3 + 5*j - 4. Give h(6).
-7
Let n = -10 - -12. Suppose 5*w - 3 = n. Let z(x) = x**2 + 2 + 2 + 5*x - w. Determine z(-5).
3
Let v = 18 - 14. Suppose -v = i - 5*d, 5*i + 5 - 31 = 2*d. Let r(a) = a**3 - 5*a**2 - 5*a + 9. Calculate r(i).
15
Let m = 33 - 33. Let j(f) = m*f + 0*f + f - 4 + 0. Determine j(-4).
-8
Let y(x) be the second derivative of 1/6*x**3 + 15*x + 0 - 3*x**2. Calculate y(0).
-6
Let t(n) = 5*n**3. Let y be t(1). Let z(d) = -2*d - 2*d + 1 + d**2 + d + y*d. Let u(j) = j - 7. Let p be u(6). Calculate z(p).
0
Let o(r) be the second derivative of -2/3*r**4 + 1/20*r**5 - 1/2*r**2 + 0 + 7/6*r**3 - 34*r. What is o(7)?
-1
Let t(u) = u**3 - 4*u**2 + 20*u - 17. Let o(y) = -2*y**3 + 7*y**2 - 42*y + 35. Let z(n) = -6*o(n) - 13*t(n). Determine z(9).
20
Let z be ((-128)/(-48))/((-3)/(-9)). Let u(a) = a**2 - 8*a + 4. Give u(z).
4
Let s(o) = 9*o. Let r(u) = -5*u + 1. Let d(m) = -7*r(m) - 4*s(m). Calculate d(-6).
-1
Suppose -4*s + 176 = -4*c, -5*c - 2*s - 2*s = 184. Let o be (3/(-4) + (-10)/c)*-6. Let d(u) = -u**2 + 2*u - 1. What is d(o)?
-4
Let i(v) = 0 + 0 + 5 + 0*v**3 + v**3 + v**2. Let y = -10 - -10. Determine i(y).
5
Let s(r) = -3*r**3 - 18*r**2 - 16*r + 3. Let m(l) = 5*l**3 + 33*l**2 + 32*l - 6. Let u(f) = -4*m(f) - 7*s(f). Calculate u(8).
3
Let k(s) = -7*s + 9*s - 3 - 2 + 6. Determine k(5).
11
Let o = 8 - 2. Suppose -2*f + 0 + o = 0. Let l(q) = 52*q - 48*q - f - 3. Determine l(6).
18
Let u be ((-4)/(-6))/(26/(-117)). Let l = 2 + u. Let f(s) = 7*s + 1. Calculate f(l).
-6
Let z = -77 + 77. Let w(k) = k**3 - 4. Determine w(z).
-4
Let r(q) = 7*q**3 + 9*q**2 - 3*q - 3. Let g(v) = -v**3 - v**2 + v + 1. Let j(w) = 6*g(w) + r(w). Suppose 7 = -m - 34. Let l = -44 - m. Give j(l).
-6
Let m(x) = -x**3 - 10*x**2 - 16*x + 4. Let q = -93 - -85. Determine m(q).
4
Let j(n) = -n**3 + 9*n**2 - 139 + 234 - 100. Determine j(9).
-5
Let m(g) = 2*g**3 - 2*g**2 - 2*g + 1. Let a(c) = -c**2 + 8*c - 9. Let k be a(6). Suppose 2*o - 10 = -0, o + 7 = k*z. Suppose -z*j + 7 + 1 = 0. What is m(j)?
5
Let i(d) = 6*d + 3*d**2 - 5*d - d**2 - 6*d**2. Let l be 1/(1/2*2). Determine i(l).
-3
Let k(u) = -63*u**3 - 2*u - 8. Let d(w) = 64*w**3 + 2*w + 11. Let q(t) = -3*d(t) - 4*k(t). Calculate q(1).
61
Suppose 9*a = 13 + 5. Let p(j) be the first derivative of 3*j - 1/2*j**2 + a. Determine p(6).
-3
Let x(k) = -4*k**2 - 2*k + 2. Suppose 5*n - u + 206 = -45, -3*n - 2*u - 148 = 0. Let y = n + 48. Determine x(y).
-10
Suppose -5*y = 6 - 16. Let u(z) = z + z + 4*z**y + z**3 + 0*z**3 - 1. Let l(m) = m**2 + 5*m + 4. Let p be l(-3). What is u(p)?
3
Let c(s) = -61*s - 78*s + 1 + 169*s. Calculate c(1).
31
Let q(s) = s - 2. Suppose 7*f + 248 = 3. Let h = 38 + f. Give q(h).
1
Let v(d) = 14*d - 1. Suppose 18*y - 6 = 19*y. Let w be (8/y)/((-16)/12). Let x be -1 + (w + -2 - -3). Give v(x).
13
Let g(h) = 6*h**2 + 30*h + 1. Let o(n) = -n**2 - 6*n. Let l = -16 + 16. Suppose l = -3*t + 2*t + 2. Let k(i) = t*g(i) + 11*o(i). Determine k(5).
-3
Let m = -2188 + 2181. Let k(z) = -z - 14. What is k(m)?
-7
Let u(c) = c. Let b = 25 + -26. Let f be 3/(-2) + b/(-2). Let o be (-5)/f + 48/(-12). What is u(o)?
1
Let a(n) = 4*n**3 + 2*n**2 + 2*n + 8. Let s(o) = 6*o**3 + 3*o**2 + 3*o + 11. Let f(u) = 7*a(u) - 5*s(u). Give f(2).
-21
Let j(m) be the third derivative of -m**6/120 + m**5/20 + m**4/2 - 2*m**3/3 - 389*m**2. Give j(5).
6
Let q(r) be the third derivative of -r**5/15 - r**4/8 - 4*r**2 - 10*r. Calculate q(-2).
-10
Let k(c) = 3*c**3 + c**2 + c - 1. Suppose 6*o - 1 = 65. Let b(f) = f**2 - 11*f + 1. Let m be b(o). What is k(m)?
4
Let o = 3 - -4. Suppose -2*l = -o*l. Suppose l*q = 5*q - 5. Let z(a) = -4*a**3 + a**2 - a + 1. What is z(q)?
-3
Suppose -14*y = 55 + 15. Let k(p) = 4*p - 1. What is k(y)?
-21
Let q(r) = -r**3 - r**2 + r - 29. Let t = 13 + -13. Calculate q(t).
-29
Let o(z) = -z**3 - 15*z**2 + 14*z - 22. Let v be 4*(0 + (-32)/8). Determine o(v).
10
Let t(k) = -6*k**3 + 4*k**3 - 3 + 5*k**2 + 3*k**3 + k. Let g(l) = -45*l + 356. Let n be g(8). What is t(n)?
9
Let m be (-2544)/2862*(22/(-4) + 1). Let i(k) = -k**3 + 4*k**2 + 3*k - 10. Calculate i(m).
2
Let g(k) = k**2 + k + 1. Let a be g(-2). Let f be (-16)/24*a*-1. Let x(j) = -9*j - j**2 - 2*j**f + 3*j + 6 + 2*j**2. Give x(-5).
11
Let n(f) be the second derivative of f**4/6 + 2*f**3/3 - 5*f**2/2 - 2*f. Suppose -332 = 54*m + 29*m. Determine n(m).
11
Suppose 12*i - 4 = 8*i. Suppose 3 = 2*s + i. Let y(h) = -2*h**3 + 8*h**2 - 4*h + 4. Let b(m) = m**3 - m**2 + m. Let v(o) = s*y(o) + 3*b(o). What is v(-5)?
9
Let s(r) = r**3 + 7*r**2 + 2*r - 3. Let c = 33 + -37. Let f be 25/c - 3/4. Calculate s(f).
-17
Let n(p) = 7*p - 3. Let o = 7 - 9. Let k = -3 - o. Let b be (7 - 4) + (k - 0). Give n(b).
11
Let o(z) = 9*z + 8. Let t(g) be the third derivative of -13*g**4/24 - 11*g**3/6 + 4*g**2 - 3. Let n(c) = -7*o(c) - 5*t(c). What is n(6)?
11
Let p(f) = -1. Let s(b) be the second derivative of b**3 + 5*b**2/2 + 6*b. Let r(h) = -h + 1. Let i(d) = -r(d) + s(d). Let k(x) = -i(x) - 5*p(x). What is k(1)?
-6
Suppose -3*n + 5*x - 47 = -10, -n + 2*x - 14 = 0. Let s(g) = 98*g - g**2 - 55*g - 46*g + 5. Give s(n).
1
Suppose 10 = 4*c - 10. Suppose -c*m = -28 + 8. Let g(i) be the third derivative of -i**6/120 + i**5/12 - i**4/12 - i**3/3 + 2*i**2. Give g(m).
6
Let h(w) be the third derivative of -w**5/12 + w**4/24 - 5*w**3/6 + 27*w**2. Let s(i) = 4*i**2 + 4. Let d(x) = -3*h(x) - 4*s(x). What is d(-3)?
-1
Let b(f) = 3*f**2 - f. Let i = -105 + 119. Suppose -9*y - 5*y = -i. Determine b(y).
2
Let k be (-5)/(5/(-3)) + 4. Suppose -5*t = 2*p + 22, -k*t + 2*t - 20 = 0. Let d(i) = 0*i**3 - 2*i**3 + 6*i**3 + i. What is d(p)?
-5
Let g(k) = k**2 + 16*k - 27. Let b = 595 - 612. Give g(b).
-10
Suppose y = -0*g - 3*g + 2, 5*g - 5*y = -10. Let r(u) be the third derivative of g*u + 1/24*u**4 + 0*u**3 + 12*u**2 + 0. Calculate r(3).
3
Let t(j) = -j**3 + 15*j**2 - 12*j - 29. Let d be -2 + 4/22 + (-2436)/(-154). Let a be t(d). Let y(s) = 12*s**2 - 2*s - 1. Give y(a).
13
Let b be (2 + -1 + 0)*1. Let p(y) = 47*y + 41*y + 35 + 31*y. Let a(u) = -20*u - 6. Let l(o) = 35*a(o) + 6*p(o). What is l(b)?
14
Let x(f) = 21*f - 12. Let t(u) = 39*u - 25. Let y(h) = 6*t(h) - 11*x(h). What is y(6)?
0
Suppose -5*z + 5*f + 175 = -0, 0 = 4*z - 5*f - 145. Suppose 0 = 5*s - 4*g + g + z, -4*g = 0. Let j(q) = -q**2 - 4*q + 7. What is j(s)?
-5
Let q(s) = -